s b(6)?
4
Let q(x) = -x**3 + x**2 + 14*x + 23. Let s be q(-2). Let a(c) = -c**3 + 7*c**2 + 3*c - 3. Determine a(s).
18
Let z(v) = -v**3 + 4*v**2 - 1. Let y be (3*1*272/(-24))/(-2). Let k = -13 + y. Determine z(k).
-1
Suppose -3*g + 9 = 5*r, 5*r + 0*g + 4*g = 12. Suppose 5*w - 13 - 7 = r, -4*w = 3*l - 22. Let p(n) = -n**3 + 2*n - 3. What is p(l)?
-7
Let w(x) = -x - 6. Let h(n) = 4*n**2 + 57*n + 11. Let m be h(-14). Determine w(m).
-3
Let x(h) = 7*h**2 - 44*h + 11. Let y be x(6). Let r(m) = -8*m - 2. Give r(y).
6
Let z(x) = x**2 - 4*x + 6. Let o be 2*5 + -2 + (-12 - -8). Give z(o).
6
Let k(d) = d + 10. Let j = 632 - 648. Determine k(j).
-6
Let i = -14 - -13. Suppose 0 = 3*d - 14 + 2. Let k(z) = -2 + 2 + d*z - 16*z. Give k(i).
12
Let j(p) be the first derivative of -p**6/120 - p**5/20 + p**4/8 + p**3/2 - 5*p**2/2 + 3. Let w(n) be the second derivative of j(n). Determine w(-2).
-7
Let f(i) = -6*i - 3. Let q(u) = 6*u + 2. Let t(v) = -4*f(v) - 3*q(v). What is t(-5)?
-24
Let y(z) = -2*z**2 - 30*z + 4. Let x = -373 + 358. Calculate y(x).
4
Let i(l) = 7*l + 2. Let f(k) = -k**2 - 3*k + 8. Let d be f(2). What is i(d)?
-12
Suppose 4*g = 5*d + 21, 0 = 3*g - 36*d + 32*d - 17. Let w(q) = 3*q**2 - q - 1. Give w(g).
3
Let q be -6*(-3)/6 + 9. Let v = q + -13. Let c(b) = -19*b - 1. Determine c(v).
18
Let t(a) = a**3 + 4*a**2 + 3*a - 1. Let n(k) = -7*k - k + 4*k - 2*k - 3*k**3 + 1 - 9*k**2. Let g(y) = 2*n(y) + 5*t(y). Give g(3).
-3
Let a = -19 - -14. Let j(c) = c**3 - c**2. Let z(y) = -2*y**3 + 8*y**2 + 3*y + 5. Let n(o) = 3*j(o) + z(o). Calculate n(a).
-10
Let u(p) = -p + 2. Let r = 53 - 45. Give u(r).
-6
Let o(g) = -g - g**2 + 0 - 21 + 13 + 10. Give o(-2).
0
Let l be (-4 - 0)*1/(-2). Suppose l*q + 31 + 8 = -5*s, 4*q = -2*s - 38. Let m = q - 1. Let n(k) = -k**2 - 9*k - 7. Calculate n(m).
1
Let a(j) = -62*j**2 + 0 + 47*j**2 + 2*j - j + 1. Let x(p) = -3*p - 16. Let k be x(-5). Calculate a(k).
-15
Let w(d) = -d**2 - 6*d + 12. Let c be -2*((-12)/(-10))/(48/180). What is w(c)?
-15
Let j be -2 - 1 - (-112 + 107). Let m(z) be the third derivative of -1/3*z**3 + 1/12*z**4 + z**j + 0 + 0*z. Calculate m(4).
6
Let c(m) = 2*m**2 + 2*m - 3. Let d be c(2). Suppose 5*h = -1 - d. Let v(l) = -15 - 9 + 22 + 28*l - 23*l. What is v(h)?
-12
Let t(q) = -q**3 + 22 - 53 + 3*q**2 + 35. Calculate t(3).
4
Suppose 1 - 11 = -5*q. Let n(x) = 7*x - 4*x + 60*x**q + 2*x - 61*x**2. What is n(3)?
6
Let d(h) = -2*h**3 + 3*h**2 - 3*h + 2. Suppose -44*p + 51*p = 21. Give d(p).
-34
Let t(k) = -3*k**2 - 1. Let g = -3 - 5. Let c(w) = w**2 + 7*w - 5. Let r be c(g). Suppose 3*b = -5*l - 17, -3*b - 14 = r*l - 5. Determine t(b).
-4
Let r(q) = 12 - 35 + 6 + 16 - 4*q + 9. What is r(-7)?
36
Let j(m) = -m**3 + 1. Let g(n) = -n**3. Let w(k) = g(k) - 2*j(k). Suppose y = 3*y - 2. Let q be y - (-4)/(0 - 4). What is w(q)?
-2
Let u(o) = -o - 1. Let l(s) = 4*s - 4. Let m(k) = l(k) - 5*u(k). Give m(-1).
-8
Let b(s) be the second derivative of s**5/60 - s**4/24 - 2*s**3/3 - 23*s**2/2 - 26*s. Let r(w) be the first derivative of b(w). What is r(3)?
2
Let m(p) be the second derivative of -p**4/12 - p**3 - 7*p**2/2 - 4*p. Let w = 450 + -455. Calculate m(w).
-2
Let q(d) be the first derivative of 5*d**2 + 6*d - 2. Let y(r) = r + 1. Let z(l) = -q(l) + 6*y(l). Let i = -490 + 491. Determine z(i).
-4
Let d be (10 - 1)/(-3)*(-5 + 6). Let c(p) = 11*p**2 + 6*p - 11. Let r(l) = 6 - 2*l**2 - 2*l**2 + 0 - 2*l - 2. Let q(x) = d*c(x) - 8*r(x). What is q(1)?
-2
Let w(s) = s**3 + 94 + 11*s**2 - 92 - 11*s - 2*s**3. Determine w(10).
-8
Suppose 0 = -3*l + 2*s + 3, l = -l - 3*s + 2. Let o be (l - -4)*36/(-60). Let j(z) = -3*z - 4. Let f be j(o). Let p(g) = -g**2 + 6*g + 1. Determine p(f).
6
Let q(l) = 4*l**2 - 2. Let p(v) = -5*v**2 + 3. Let n(u) = -3*p(u) - 4*q(u). Let w(r) = -3*r**2 - 4. Let y(b) = -4*n(b) + w(b). Calculate y(-3).
9
Suppose j = -3*d - 11, d = 3*d - 2*j + 18. Let u(b) be the first derivative of -b**2 - 1/3*b**3 + 3*b + 1. Determine u(d).
-12
Let v(t) = t**2 + t + 1. Let g(r) = r**2 - 4*r - 12 - 8*r**2 - 6*r - r. Let o(d) = g(d) + 6*v(d). Give o(-4).
-2
Let f(r) = -r**2 - 11. Let t(n) = -n**2 - 10. Let g(k) = -4*f(k) + 5*t(k). Calculate g(0).
-6
Suppose -3*h = 3*h - 72. Let w(a) = -a + 6. What is w(h)?
-6
Let v(a) = -a**2 - 2*a + 5. Let w(z) = -3*z - 38. Let b be w(-14). Suppose 11*x = 10*x - b. What is v(x)?
-3
Let s be -5*(-1)/20 + 4/(-16). Suppose 3*c - 10 = -2*r + 2*c, 2*r + 5*c - 10 = s. Let h(t) = t**3 - 6*t**2 + 4*t + 7. Give h(r).
2
Let l be (-20)/(-6) + (-13)/39. Let h(z) = -68*z**2 + z + z + 70*z**2 + z**l - 1. What is h(-2)?
-5
Suppose -b = 3 - 5. Let h(v) = 3*v**3 - 2*v**3 - 6*v**b + 0*v**3 + 1. Let s be (-6)/4 + 30/4. Give h(s).
1
Let w(k) be the third derivative of -k**6/120 - k**4/12 + k**3/6 + 2*k**2 - 354*k. Suppose 3*c - 4 = -1. Determine w(c).
-2
Suppose -5*d + 17 = z, 3*z + 0*z - 13 = 4*d. Let x(r) = -r + 2. Let m(f) = f. Let w(g) = 2*m(g) - x(g). Calculate w(d).
4
Let m(n) = n**3 + 3*n**2 + n + 5. Let k be m(-3). Let h(x) = -55*x + 1 + 53*x + k. Give h(4).
-5
Let a(m) be the second derivative of -m**4/24 - m**3/2 + m**2/2 + 5*m. Let x(p) be the first derivative of a(p). Calculate x(-5).
2
Let t be 3 - 2 - -3 - 2. Let s(q) = 3*q + 21. Let f(m) = -3. Let v(a) = 15*f(a) + 2*s(a). Calculate v(t).
9
Let b(o) be the first derivative of -o**3/3 + 5*o**2/2 - 5*o + 86. Calculate b(5).
-5
Let f(x) = 3*x + 2. Let d = 2 + 4. Let s(b) = -5*b + d*b - 2*b - 2 - b**2. Let j be s(0). Give f(j).
-4
Let c(h) = -2*h**2 + 15*h + 2. Let q(l) = l**2 - 8*l - 1. Let t(i) = -3*c(i) - 5*q(i). What is t(3)?
-7
Let n = -13 - -18. Let w(m) be the third derivative of -m**5/60 + m**4/4 - 7*m**3/6 + m**2 + 297. Calculate w(n).
-2
Let y = 3 + -3. Let o(d) = -3*d - 5. Let x(v) = 2*v + 3. Let i(u) = -3*o(u) - 5*x(u). Let j be i(y). Let l(w) = -w - 7. Determine l(j).
-7
Let f be (-4)/(-3)*(-2 + -1). Let g(t) = -11*t + 18. Let u(k) = -5*k + 7. Let r(z) = 4*g(z) - 9*u(z). Determine r(f).
5
Suppose -o - 91 = -4*l + 2*o, 2*o - 20 = -l. Let b be (-2)/(-11) + (-4)/l. Let t(f) = f - 2*f + 4 - 5*f**2 + b*f + 0*f - f**3. Give t(-4).
-8
Let d(j) = -6 - 3*j**3 + j**3 + 5 + 0. Calculate d(-1).
1
Let k(d) be the first derivative of -d**4/2 - 2*d**3/3 + d**2/2 - d - 6. Let v(y) = y**3 + 2*y**2 - 15*y - 2. Let o be v(-5). Give k(o).
5
Let a(o) = -2*o**2 + 3*o**2 + 279 - 287. Calculate a(-6).
28
Let t = -22 - -9. Let k(p) = p**3 + 13*p**2 - 8. What is k(t)?
-8
Let z(w) = -2*w**2 + 3*w + 5. Let i(h) = h**2 - 4*h - 4. Let m(l) = 3*i(l) + 2*z(l). Determine m(-8).
-18
Let f(p) = 29*p**3 + 13*p**2 + 15*p + 13. Let m(s) = 14*s**3 + 6*s**2 + 7*s + 6. Let i(c) = 6*f(c) - 13*m(c). Suppose 0 = -4*a + 3 + 1. What is i(a)?
-9
Let n be 50/(-24) + (-35)/(-420). Let d(a) = -7*a**2 - 2*a + 1. Give d(n).
-23
Let x = 1230 + -1239. Let l(i) = -i**3 - 8*i**2 + 12*i + 33. What is l(x)?
6
Suppose 2*i - 1 = 5. Suppose -a - 2*a = -i. Let w(t) = 5*t**3 - t**2 + t. What is w(a)?
5
Let b(n) be the second derivative of -n**3/6 + 5*n**2 + n. Suppose 197*t - 2763 = -110*t. Give b(t).
1
Let b(i) = i**3 - 4*i**2 - 2*i - 5. Let m(n) = -12*n - 5. Let k be m(2). Let f = k - -33. Suppose f*u - 2 = 14. Give b(u).
-13
Let s(b) be the second derivative of -b**3/6 + 2*b**2 + 21*b - 4. Give s(13).
-9
Let o(l) be the first derivative of 5*l**2/2 + 4*l + 1. Suppose -f - u + 48 = 3*u, -5*u = f - 50. Let z = f - 43. Calculate o(z).
-11
Let b(d) = 12*d - 25. Let x(p) = 2*p - 2. Let i(n) = -b(n) + 3*x(n). What is i(4)?
-5
Let d(b) be the first derivative of b**2 + 6*b + 30. Give d(3).
12
Let g(y) be the second derivative of y**4/12 - 7*y**3/6 + 5*y**2/2 - y. Suppose -92 = 7*v - 3*v + 4*u, 0 = 2*v - 2*u + 46. Let k = -18 - v. Calculate g(k).
-5
Let a = 113/3 - 73/2. Let c(x) be the third derivative of a*x**3 - 3*x**2 + 1/24*x**4 + 0 + 0*x. Determine c(-4).
3
Let u be (4 - -1) + (-12 - -24). Let m(w) = -w**2 + 17*w - 5. Determine m(u).
-5
Let s(k) = -3*k**3 - k**2. Let h be 56 + 4/((-16)/(-12)). Let b = -61 + h. Calculate s(b).
20
Let x = 7 + -3. Let t = -4 - -6. Let n(j) = t + 3 - 3*j - 5 + 2. Give n(x).
-10
Let s(p) = -1 + p + 0*p - 4 + 1. Let n = -34 - -44. Suppose -4*l = -6 - n. Give s(l).
0
Let u be 0*(0/(-3) - 1). Suppose -q + 2 = -w - 1, u = 4*w + q - 8. Let z(o) = 5*o**2 - 2*o + 1. Give z(w).